823 prime?
True
Is 1736367 prime?
False
Is 231139621 a prime number?
False
Is 692567 prime?
True
Is 384285457 prime?
False
Is 6309593 a prime number?
True
Is 1901177 a composite number?
False
Is 253674385 prime?
False
Is 30356639 prime?
True
Is 9213859 a composite number?
True
Is 80509627 a composite number?
True
Is 2185973 prime?
True
Is 14859319 a prime number?
True
Is 2083273 a prime number?
False
Is 23195163 prime?
False
Is 5454509 a prime number?
False
Is 4141663 a composite number?
False
Is 3493829 prime?
True
Is 178484417 a composite number?
False
Is 4428301 prime?
True
Is 2983649 prime?
False
Is 5275931 prime?
False
Is 22890467 prime?
True
Is 16306198 composite?
True
Is 1174008901 a prime number?
False
Is 277657 a composite number?
False
Is 13626443 composite?
False
Is 461479 prime?
True
Is 1021907 composite?
False
Is 2364917 composite?
False
Is 45027523 a prime number?
True
Is 125017 composite?
False
Is 133391239 a prime number?
False
Is 1571689 composite?
True
Is 4737 a composite number?
True
Is 8097203 a prime number?
True
Is 31036183 prime?
False
Is 12805577 prime?
False
Is 565889 prime?
True
Is 22698491 a composite number?
False
Is 1762393 a prime number?
False
Is 270235811 prime?
True
Is 532679519 composite?
False
Is 11383319 a prime number?
False
Is 8803013 a prime number?
True
Is 12204761 prime?
True
Is 25130003 a prime number?
False
Is 512517557 prime?
True
Is 32085043 composite?
False
Is 521201 a prime number?
True
Is 105525239 composite?
True
Is 114402689 a composite number?
False
Is 2280353 prime?
False
Is 207626789 prime?
True
Is 257120363 composite?
True
Is 48767947 a prime number?
True
Is 24250753 a prime number?
False
Is 8861659 a composite number?
False
Is 225711973 composite?
True
Is 3501851 composite?
True
Is 218137493 composite?
True
Is 6374293 a prime number?
True
Is 5577577 a composite number?
False
Is 66732814 a prime number?
False
Is 46824143 composite?
True
Is 727146583 prime?
False
Is 47036617 a composite number?
False
Is 35427091 composite?
True
Is 856337 composite?
True
Is 1500593 prime?
True
Is 1114769467 a prime number?
False
Is 35826601 a composite number?
True
Is 214139 a prime number?
False
Is 17111093 composite?
False
Is 164259157 prime?
False
Is 6032437 composite?
False
Is 1615459 a composite number?
True
Is 378947923 a prime number?
True
Is 694632439 prime?
True
Is 275356909 a prime number?
True
Is 111014161 prime?
True
Is 3079667 a prime number?
False
Is 13420613 prime?
False
Is 55336169 a composite number?
True
Is 2099198 prime?
False
Is 20936789 prime?
True
Is 339 composite?
True
Is 390302539 prime?
False
Is 72221285 composite?
True
Is 758111 a prime number?
True
Is 4387133 a composite number?
False
Is 65106367 a composite number?
False
Is 82713601 composite?
False
Is 5176319 a composite number?
False
Is 244728779 a prime number?
True
Is 3646553 prime?
True
Is 3286963 composite?
True
Is 548536471 a prime number?
False
Is 4835717 composite?
False
Is 2543545 a composite number?
True
Is 28305607 prime?
False
Is 39862061 composite?
True
Is 3129937 a composite number?
False
Is 46330769 a composite number?
False
Is 464631101 a prime number?
False
Is 8430479 composite?
False
Is 27554039 a composite number?
True
Is 986358805 a composite number?
True
Is 8322811 a prime number?
False
Is 168369 prime?
False
Is 2449787 composite?
False
Is 25212751 prime?
False
Is 524591 a prime number?
True
Is 1965035 a composite number?
True
Is 291657349 a prime number?
False
Is 562187 composite?
True
Is 100863131 prime?
False
Is 5032091 a prime number?
False
Is 1061671 prime?
False
Is 4235279 a composite number?
True
Is 57515399 a composite number?
False
Is 8794673 a prime number?
True
Is 7472074 composite?
True
Is 71293283 a composite number?
False
Is 7745053 a prime number?
False
Is 18888953 composite?
True
Is 15903479 prime?
False
Is 152330071 composite?
False
Is 44663101 composite?
True
Is 3455591 a composite number?
False
Is 567991253 composite?
False
Is 1677471 a composite number?
True
Is 12680323 prime?
True
Is 326570587 prime?
False
Is 6590783 a composite number?
False
Is 110286331 a composite number?
False
Is 9068071 composite?
True
Is 46246003 composite?
True
Is 13918913 a prime number?
False
Is 382648919 a prime number?
True
Is 689757521 prime?
False
Is 1815041 a composite number?
True
Is 3928961 a prime number?
True
Is 952519 composite?
True
Is 371617 composite?
False
Is 159421133 a prime number?
False
Is 15328417 a prime number?
False
Is 16089961 a composite number?
True
Is 224449037 a prime number?
False
Is 960383233 prime?
False
Is 10847 composite?
False
Is 7365091 a composite number?
True
Is 8277547 a prime number?
True
Is 83555929 composite?
True
Is 6214591 a prime number?
True
Is 1603237 a prime number?
True
Is 26469871 a prime number?
True
Is 11200753 composite?
False
Is 881966153 composite?
True
Is 1773361 prime?
True
Is 427279 prime?
True
Is 8499367 prime?
True
Is 471756517 a composite number?
False
Is 79556959 prime?
True
Is 696284187 a composite number?
True
Is 149491 composite?
False
Is 189370867 a prime number?
False
Is 230719 a composite number?
False
Is 3251057 composite?
False
Is 5329745 composite?
True
Is 88734973 prime?
False
Is 34338727 a prime number?
True
Is 684459715 a prime number?
False
Is 1667269 composite?
True
Is 23282029 composite?
False
Is 2154881 prime?
True
Is 2571619 composite?
False
Is 29843779 prime?
False
Is 537156953 a composite number?
False
Is 16635211 a prime number?
True
Is 7937245 a composite number?
True
Is 65138477 prime?
False
Is 954827 prime?
True
Is 27980107 prime?
False
Is 153946437 a prime number?
False
Is 24976414 a composite number?
True
Is 367347 prime?
False
Is 108355465 composite?
True
Is 1468717 a composite number?
False
Is 139558513 a composite number?
True
Is 49467017 prime?
True
Is 38934347 composite?
False
Is 66103 composite?
False
Is 40032521 prime?
True
Is 9391765 a prime number?
False
Is 4975237 prime?
False
Is 157265665 prime?
False
Is 1534739 composite?
False
Is 756407 prime?
False
Is 44231171 a prime number?
True
Is 182613971 prime?
False
Is 13810631 a composite number?
False
Is 419581255 composite?
True
Is 8086829 a composite number?
True
Is 8276171 composite?
True
Is 4351601 composite?
False
Is 533543 a prime number?
True
Is 140953 prime?
False
Is 105541811 composite?
False
Is 7658069 a prime number?
False
Is 554087 composite?
False
Is 545110003 a composite number?
True
Is 668417 composite?
False
Is 30125429 prime?
True
Is 29602981 composite?
True
Is 8415941 a composite number?
False
Is 11446973 composite?
True
Is 5266523 a composite number?
True
Is 1079851 a composite number?
True
Is 4055426 a prime number?
False
Is 3597415 a composite number?
True
Is 11789183 prime?
False
Is 158979287 a prime number?
True
Is 80103073 a composite number?
False
Is 80981209 a prime number?
True
Is 1388381 a composite number?
False
Is 19076717 a prime number?
False
Is 5044049 a composite number?
False
Is 628996627 composite?
True
Is 110611 a prime number?
False
Is 6824833 prime?
True
Is 486091835 a composite number?
True
Is 26229571 prime?
False
Is 51413689 a prime number?
True
Is 137362367 prime?
True
Is 58520087 composite?
True
Is 27605921 a prime number?
False
Is 174657265 prime?
False
Is 15411307 a prime number?
False
Is 2432923 composite?
False
Is 3860983 prime?
False
Is 309214973 a composite number?
False
Is 12399141 a prime number?
False
Is 2395799 a composite number?
True
Is 32720897 a prime number?
False
Is 37242281 composite?
False
Is 2326309 composite?
False
Is 23564017 composite?
False
Is 265866457 composite?
False
Is 209739814 a composite number?
True
Is 60440377 composite?
True
Is 89100701 a prime number?
True
Is 11276897 composite?
True
Is 193636483 a prime number?
False
Is 84114389 prime?
True
Is 3871051 composite?
True
Is 28384019 composite?
True
Is 13439113 a composite number?
False
Is 44160734 a composite number?
True
Is 24648693 prime?
False
Is 6839453 a prime number?
False
Is 223183249 a composite number?
True
Is 481997 prime?
True
Is 7367 composite?
True
Is 10975543 prime?
False
Is 376357427 a prime number?
True
Is 4043321 a composite number?
False
Is 1457251 prime?
True
Is 22515631 a composite number?
False
Is 153874571 a composite number